{"id":2560,"date":"2021-12-03T15:09:19","date_gmt":"2021-12-03T18:09:19","guid":{"rendered":"https:\/\/grupojasf.com.br\/promocoes-e-eventos\/novo\/produto\/luminoso-set-high-lights\/"},"modified":"2021-12-21T19:18:48","modified_gmt":"2021-12-21T22:18:48","slug":"luminoso-set-high-lights","status":"publish","type":"product","link":"https:\/\/grupojasf.com.br\/promocoes-e-eventos\/produto\/luminoso-set-high-lights\/","title":{"rendered":"Luminoso &#8211; Set High Lights"},"content":{"rendered":"<p>Ilumina\u00e7\u00e3o e excel\u00eancia absolutamente perfeitas que far\u00e3o com que sua empresa brilhe.<br \/>\nNossos componentes s\u00e3o de alta qualidade feitos de alum\u00ednio anodizado s\u00e3o dimensionalmente est\u00e1veis, duradouros e esteticamente agrad\u00e1veis.<br \/>\nAlimenta\u00e7\u00e3o lateral ou retroilumina\u00e7\u00e3o com LEDs de energia.<br \/>\nGaranta a ilumina\u00e7\u00e3o homog\u00eanea e a longos per\u00edodos de opera\u00e7\u00e3o com baixo consumo de energia.<br \/>\nIndependente\u00a0com placas de base montadas na parede ou suspensas no teto;<br \/>\nquarto no quarto, balc\u00e3o, solu\u00e7\u00f5es de cabine ou canto;<br \/>\nilumina\u00e7\u00e3o simples ou dupla face: n\u00e3o h\u00e1 problema.<\/p>\n","protected":false},"excerpt":{"rendered":"<p>Ilumina\u00e7\u00e3o e excel\u00eancia absolutamente perfeitas que far\u00e3o com que sua empresa brilhe.<br \/>\nNossos componentes s\u00e3o de alta qualidade feitos de alum\u00ednio anodizado s\u00e3o dimensionalmente est\u00e1veis, duradouros e esteticamente agrad\u00e1veis.<\/p>\n","protected":false},"featured_media":2553,"comment_status":"closed","ping_status":"closed","template":"","meta":{"_bbp_topic_count":0,"_bbp_reply_count":0,"_bbp_total_topic_count":0,"_bbp_total_reply_count":0,"_bbp_voice_count":0,"_bbp_anonymous_reply_count":0,"_bbp_topic_count_hidden":0,"_bbp_reply_count_hidden":0,"_bbp_forum_subforum_count":0,"content-type":"","om_disable_all_campaigns":false,"_mi_skip_tracking":false,"_monsterinsights_sitenote_active":false,"_monsterinsights_sitenote_note":"","_monsterinsights_sitenote_category":0},"product_cat":[128],"product_tag":[],"class_list":{"0":"post-2560","1":"product","2":"type-product","3":"status-publish","4":"has-post-thumbnail","6":"product_cat-acessorios","8":"first","9":"instock","10":"shipping-taxable","11":"purchasable","12":"product-type-simple"},"acf":[],"aioseo_notices":[],"yoast_head":"<!-- This site is optimized with the Yoast SEO plugin v21.9 - https:\/\/yoast.com\/wordpress\/plugins\/seo\/ -->\n<title>Luminoso - Set High Lights - JASF Promo\u00e7\u00f5es e Eventos<\/title>\n<meta name=\"robots\" content=\"index, follow, max-snippet:-1, max-image-preview:large, max-video-preview:-1\" \/>\n<link rel=\"canonical\" href=\"https:\/\/grupojasf.com.br\/promocoes-e-eventos\/produto\/luminoso-set-high-lights\/\" \/>\n<meta property=\"og:locale\" content=\"pt_BR\" \/>\n<meta property=\"og:type\" content=\"article\" \/>\n<meta property=\"og:title\" content=\"Luminoso - Set High Lights - JASF Promo\u00e7\u00f5es e Eventos\" \/>\n<meta property=\"og:description\" content=\"Ilumina\u00e7\u00e3o e excel\u00eancia absolutamente perfeitas que far\u00e3o com que sua empresa brilhe. Nossos componentes s\u00e3o de alta qualidade feitos de alum\u00ednio anodizado s\u00e3o dimensionalmente est\u00e1veis, duradouros e esteticamente agrad\u00e1veis.\" \/>\n<meta property=\"og:url\" content=\"https:\/\/grupojasf.com.br\/promocoes-e-eventos\/produto\/luminoso-set-high-lights\/\" \/>\n<meta property=\"og:site_name\" content=\"JASF Promo\u00e7\u00f5es e Eventos\" \/>\n<meta property=\"article:modified_time\" content=\"2021-12-21T22:18:48+00:00\" \/>\n<meta property=\"og:image\" content=\"https:\/\/grupojasf.com.br\/promocoes-e-eventos\/wp-content\/uploads\/2021\/12\/Captura-de-Tela-2018-10-15-a\u0300s-13.12.55-min.png\" \/>\n\t<meta property=\"og:image:width\" content=\"858\" \/>\n\t<meta property=\"og:image:height\" content=\"926\" \/>\n\t<meta property=\"og:image:type\" content=\"image\/png\" \/>\n<meta name=\"twitter:card\" content=\"summary_large_image\" \/>\n<script type=\"application\/ld+json\" class=\"yoast-schema-graph\">{\"@context\":\"https:\/\/schema.org\",\"@graph\":[{\"@type\":\"WebPage\",\"@id\":\"https:\/\/grupojasf.com.br\/promocoes-e-eventos\/produto\/luminoso-set-high-lights\/\",\"url\":\"https:\/\/grupojasf.com.br\/promocoes-e-eventos\/produto\/luminoso-set-high-lights\/\",\"name\":\"Luminoso - Set High Lights - JASF Promo\u00e7\u00f5es e Eventos\",\"isPartOf\":{\"@id\":\"https:\/\/grupojasf.com.br\/promocoes-e-eventos\/#website\"},\"datePublished\":\"2021-12-03T18:09:19+00:00\",\"dateModified\":\"2021-12-21T22:18:48+00:00\",\"breadcrumb\":{\"@id\":\"https:\/\/grupojasf.com.br\/promocoes-e-eventos\/produto\/luminoso-set-high-lights\/#breadcrumb\"},\"inLanguage\":\"pt-BR\",\"potentialAction\":[{\"@type\":\"ReadAction\",\"target\":[\"https:\/\/grupojasf.com.br\/promocoes-e-eventos\/produto\/luminoso-set-high-lights\/\"]}]},{\"@type\":\"BreadcrumbList\",\"@id\":\"https:\/\/grupojasf.com.br\/promocoes-e-eventos\/produto\/luminoso-set-high-lights\/#breadcrumb\",\"itemListElement\":[{\"@type\":\"ListItem\",\"position\":1,\"name\":\"Home\",\"item\":\"https:\/\/grupojasf.com.br\/promocoes-e-eventos\/\"},{\"@type\":\"ListItem\",\"position\":2,\"name\":\"Loja\",\"item\":\"https:\/\/grupojasf.com.br\/promocoes-e-eventos\/loja\/\"},{\"@type\":\"ListItem\",\"position\":3,\"name\":\"Luminoso &#8211; Set High Lights\"}]},{\"@type\":\"WebSite\",\"@id\":\"https:\/\/grupojasf.com.br\/promocoes-e-eventos\/#website\",\"url\":\"https:\/\/grupojasf.com.br\/promocoes-e-eventos\/\",\"name\":\"JASF Promo\u00e7\u00f5es e Eventos\",\"description\":\"Grupo Jasf\",\"potentialAction\":[{\"@type\":\"SearchAction\",\"target\":{\"@type\":\"EntryPoint\",\"urlTemplate\":\"https:\/\/grupojasf.com.br\/promocoes-e-eventos\/?s={search_term_string}\"},\"query-input\":\"required name=search_term_string\"}],\"inLanguage\":\"pt-BR\"}]}<\/script>\n<!-- \/ Yoast SEO plugin. -->","yoast_head_json":{"title":"Luminoso - Set High Lights - JASF Promo\u00e7\u00f5es e Eventos","robots":{"index":"index","follow":"follow","max-snippet":"max-snippet:-1","max-image-preview":"max-image-preview:large","max-video-preview":"max-video-preview:-1"},"canonical":"https:\/\/grupojasf.com.br\/promocoes-e-eventos\/produto\/luminoso-set-high-lights\/","og_locale":"pt_BR","og_type":"article","og_title":"Luminoso - Set High Lights - JASF Promo\u00e7\u00f5es e Eventos","og_description":"Ilumina\u00e7\u00e3o e excel\u00eancia absolutamente perfeitas que far\u00e3o com que sua empresa brilhe. Nossos componentes s\u00e3o de alta qualidade feitos de alum\u00ednio anodizado s\u00e3o dimensionalmente est\u00e1veis, duradouros e esteticamente agrad\u00e1veis.","og_url":"https:\/\/grupojasf.com.br\/promocoes-e-eventos\/produto\/luminoso-set-high-lights\/","og_site_name":"JASF Promo\u00e7\u00f5es e Eventos","article_modified_time":"2021-12-21T22:18:48+00:00","og_image":[{"width":858,"height":926,"url":"https:\/\/grupojasf.com.br\/promocoes-e-eventos\/wp-content\/uploads\/2021\/12\/Captura-de-Tela-2018-10-15-a\u0300s-13.12.55-min.png","type":"image\/png"}],"twitter_card":"summary_large_image","schema":{"@context":"https:\/\/schema.org","@graph":[{"@type":"WebPage","@id":"https:\/\/grupojasf.com.br\/promocoes-e-eventos\/produto\/luminoso-set-high-lights\/","url":"https:\/\/grupojasf.com.br\/promocoes-e-eventos\/produto\/luminoso-set-high-lights\/","name":"Luminoso - Set High Lights - JASF Promo\u00e7\u00f5es e Eventos","isPartOf":{"@id":"https:\/\/grupojasf.com.br\/promocoes-e-eventos\/#website"},"datePublished":"2021-12-03T18:09:19+00:00","dateModified":"2021-12-21T22:18:48+00:00","breadcrumb":{"@id":"https:\/\/grupojasf.com.br\/promocoes-e-eventos\/produto\/luminoso-set-high-lights\/#breadcrumb"},"inLanguage":"pt-BR","potentialAction":[{"@type":"ReadAction","target":["https:\/\/grupojasf.com.br\/promocoes-e-eventos\/produto\/luminoso-set-high-lights\/"]}]},{"@type":"BreadcrumbList","@id":"https:\/\/grupojasf.com.br\/promocoes-e-eventos\/produto\/luminoso-set-high-lights\/#breadcrumb","itemListElement":[{"@type":"ListItem","position":1,"name":"Home","item":"https:\/\/grupojasf.com.br\/promocoes-e-eventos\/"},{"@type":"ListItem","position":2,"name":"Loja","item":"https:\/\/grupojasf.com.br\/promocoes-e-eventos\/loja\/"},{"@type":"ListItem","position":3,"name":"Luminoso &#8211; Set High Lights"}]},{"@type":"WebSite","@id":"https:\/\/grupojasf.com.br\/promocoes-e-eventos\/#website","url":"https:\/\/grupojasf.com.br\/promocoes-e-eventos\/","name":"JASF Promo\u00e7\u00f5es e Eventos","description":"Grupo Jasf","potentialAction":[{"@type":"SearchAction","target":{"@type":"EntryPoint","urlTemplate":"https:\/\/grupojasf.com.br\/promocoes-e-eventos\/?s={search_term_string}"},"query-input":"required name=search_term_string"}],"inLanguage":"pt-BR"}]}},"_links":{"self":[{"href":"https:\/\/grupojasf.com.br\/promocoes-e-eventos\/wp-json\/wp\/v2\/product\/2560"}],"collection":[{"href":"https:\/\/grupojasf.com.br\/promocoes-e-eventos\/wp-json\/wp\/v2\/product"}],"about":[{"href":"https:\/\/grupojasf.com.br\/promocoes-e-eventos\/wp-json\/wp\/v2\/types\/product"}],"replies":[{"embeddable":true,"href":"https:\/\/grupojasf.com.br\/promocoes-e-eventos\/wp-json\/wp\/v2\/comments?post=2560"}],"wp:featuredmedia":[{"embeddable":true,"href":"https:\/\/grupojasf.com.br\/promocoes-e-eventos\/wp-json\/wp\/v2\/media\/2553"}],"wp:attachment":[{"href":"https:\/\/grupojasf.com.br\/promocoes-e-eventos\/wp-json\/wp\/v2\/media?parent=2560"}],"wp:term":[{"taxonomy":"product_cat","embeddable":true,"href":"https:\/\/grupojasf.com.br\/promocoes-e-eventos\/wp-json\/wp\/v2\/product_cat?post=2560"},{"taxonomy":"product_tag","embeddable":true,"href":"https:\/\/grupojasf.com.br\/promocoes-e-eventos\/wp-json\/wp\/v2\/product_tag?post=2560"}],"curies":[{"name":"wp","href":"https:\/\/api.w.org\/{rel}","templated":true}]}}