{"id":3537,"date":"2021-12-03T15:40:01","date_gmt":"2021-12-03T18:40:01","guid":{"rendered":"https:\/\/grupojasf.com.br\/promocoes-e-eventos\/novo\/produto\/cadeira-plastica-bistro-brescia\/"},"modified":"2021-12-21T19:00:53","modified_gmt":"2021-12-21T22:00:53","slug":"cadeira-plastica-bistro-brescia","status":"publish","type":"product","link":"https:\/\/grupojasf.com.br\/promocoes-e-eventos\/produto\/cadeira-plastica-bistro-brescia\/","title":{"rendered":"Cadeira Pl\u00e1stica Bistr\u00f4 Brescia"},"content":{"rendered":"<p>Os momentos do seu evento v\u00e3o ficar muito mais confort\u00e1veis com a Cadeira Pl\u00e1stica Bistr\u00f4 Brescia . Produzido em polipropileno na cor branca, a cadeira sem bra\u00e7os leva um design diferente para\u00a0 o seu evento.<\/p>\n<p>Fabricadas com materiais de qualidade, seus designs agregam praticidade e beleza ao ambiente, tornando-o mais receptivo e aconchegante. A cor branca harmoniza com qualquer decora\u00e7\u00e3o. Agora sim, seu evento est\u00e1 completo! =)<\/p>\n<ul style=\"--awb-iconcolor:#aaaaaa;--awb-line-height:28.9px;--awb-icon-width:28.9px;--awb-icon-height:28.9px;--awb-icon-margin:11.9px;--awb-content-margin:40.8px;\" class=\"fusion-checklist fusion-checklist-1 fusion-checklist-default type-icons\"><\/p>\n<div id=\"secao-descricao\">\n<p><strong>Dimens\u00f5es Mesa:<\/strong><\/p>\n<p><b>Altura do encosto:<\/b>\u00a086cm<br \/>\n<b>Altura do assento:<\/b>\u00a045cm<br \/>\n<b>Largura:\u00a0<\/b>39cm<br \/>\n<b>Profundidade:<\/b>\u00a040cm<br \/>\n<b>Capacidade:<\/b>\u00a0182Kg<br \/>\n<b>Material:<\/b>\u00a0Polipropileno e Aditivos Com Anti-Uv.<br \/>\n<b>Detalhes:<\/b>\u00a0Produto Monobloco, Resistente e Empilh\u00e1vel<\/p>\n<p>&nbsp;<\/p>\n<p><\/ul>\n<\/div>\n","protected":false},"excerpt":{"rendered":"<p>Cadeira Pl\u00e1stica Bistr\u00f4 Brescia para quem procura qualidade e pre\u00e7o num mesmo produtos.<\/p>\n<p><strong>Dimens\u00f5es Mesa:<\/strong><\/p>\n<p><b>Altura do encosto:<\/b>\u00a086cm<br \/>\n<b>Altura do assento:<\/b>\u00a045cm<br \/>\n<b>Largura:\u00a0<\/b>39cm<br \/>\n<b>Profundidade:<\/b>\u00a040cm<br \/>\n<b>Capacidade:<\/b>\u00a0182Kg<br \/>\n<b>Material:<\/b>\u00a0Polipropileno e Aditivos Com Anti-Uv.<br \/>\n<b>Detalhes:<\/b>\u00a0Produto Monobloco, Resistente e Empilh\u00e1vel<\/p>\n","protected":false},"featured_media":3536,"comment_status":"closed","ping_status":"closed","template":"","meta":{"_bbp_topic_count":0,"_bbp_reply_count":0,"_bbp_total_topic_count":0,"_bbp_total_reply_count":0,"_bbp_voice_count":0,"_bbp_anonymous_reply_count":0,"_bbp_topic_count_hidden":0,"_bbp_reply_count_hidden":0,"_bbp_forum_subforum_count":0,"content-type":"","om_disable_all_campaigns":false,"_mi_skip_tracking":false,"_monsterinsights_sitenote_active":false,"_monsterinsights_sitenote_note":"","_monsterinsights_sitenote_category":0},"product_cat":[211,161],"product_tag":[102,162],"class_list":{"0":"post-3537","1":"product","2":"type-product","3":"status-publish","4":"has-post-thumbnail","6":"product_cat-mobiliario-aluguel-de-cadeiras","7":"product_cat-mobiliario","8":"product_tag-aluguel-de-cadeiras","9":"product_tag-mobiliario","11":"first","12":"instock","13":"shipping-taxable","14":"purchasable","15":"product-type-simple"},"acf":[],"aioseo_notices":[],"yoast_head":"<!-- This site is optimized with the Yoast SEO plugin v21.9 - https:\/\/yoast.com\/wordpress\/plugins\/seo\/ -->\n<title>Cadeira Pl\u00e1stica Bistr\u00f4 Brescia - JASF Promo\u00e7\u00f5es e Eventos<\/title>\n<meta name=\"robots\" content=\"index, follow, max-snippet:-1, max-image-preview:large, max-video-preview:-1\" \/>\n<link rel=\"canonical\" href=\"https:\/\/grupojasf.com.br\/promocoes-e-eventos\/produto\/cadeira-plastica-bistro-brescia\/\" \/>\n<meta property=\"og:locale\" content=\"pt_BR\" \/>\n<meta property=\"og:type\" content=\"article\" \/>\n<meta property=\"og:title\" content=\"Cadeira Pl\u00e1stica Bistr\u00f4 Brescia - JASF Promo\u00e7\u00f5es e Eventos\" \/>\n<meta property=\"og:description\" content=\"Cadeira Pl\u00e1stica Bistr\u00f4 Brescia para quem procura qualidade e pre\u00e7o num mesmo produtos.  Dimens\u00f5es Mesa:  Altura do encosto:\u00a086cm Altura do assento:\u00a045cm Largura:\u00a039cm Profundidade:\u00a040cm Capacidade:\u00a0182Kg Material:\u00a0Polipropileno e Aditivos Com Anti-Uv. Detalhes:\u00a0Produto Monobloco, Resistente e Empilh\u00e1vel\" \/>\n<meta property=\"og:url\" content=\"https:\/\/grupojasf.com.br\/promocoes-e-eventos\/produto\/cadeira-plastica-bistro-brescia\/\" \/>\n<meta property=\"og:site_name\" content=\"JASF Promo\u00e7\u00f5es e Eventos\" \/>\n<meta property=\"article:modified_time\" content=\"2021-12-21T22:00:53+00:00\" \/>\n<meta property=\"og:image\" content=\"https:\/\/grupojasf.com.br\/promocoes-e-eventos\/wp-content\/uploads\/2021\/12\/cadeira-plastica-jasf-eventos.jpg\" \/>\n\t<meta property=\"og:image:width\" content=\"1200\" \/>\n\t<meta property=\"og:image:height\" content=\"1200\" \/>\n\t<meta property=\"og:image:type\" content=\"image\/jpeg\" \/>\n<meta name=\"twitter:card\" content=\"summary_large_image\" \/>\n<meta name=\"twitter:label1\" content=\"Est. tempo de leitura\" \/>\n\t<meta name=\"twitter:data1\" content=\"1 minuto\" \/>\n<script type=\"application\/ld+json\" class=\"yoast-schema-graph\">{\"@context\":\"https:\/\/schema.org\",\"@graph\":[{\"@type\":\"WebPage\",\"@id\":\"https:\/\/grupojasf.com.br\/promocoes-e-eventos\/produto\/cadeira-plastica-bistro-brescia\/\",\"url\":\"https:\/\/grupojasf.com.br\/promocoes-e-eventos\/produto\/cadeira-plastica-bistro-brescia\/\",\"name\":\"Cadeira Pl\u00e1stica Bistr\u00f4 Brescia - JASF Promo\u00e7\u00f5es e Eventos\",\"isPartOf\":{\"@id\":\"https:\/\/grupojasf.com.br\/promocoes-e-eventos\/#website\"},\"datePublished\":\"2021-12-03T18:40:01+00:00\",\"dateModified\":\"2021-12-21T22:00:53+00:00\",\"breadcrumb\":{\"@id\":\"https:\/\/grupojasf.com.br\/promocoes-e-eventos\/produto\/cadeira-plastica-bistro-brescia\/#breadcrumb\"},\"inLanguage\":\"pt-BR\",\"potentialAction\":[{\"@type\":\"ReadAction\",\"target\":[\"https:\/\/grupojasf.com.br\/promocoes-e-eventos\/produto\/cadeira-plastica-bistro-brescia\/\"]}]},{\"@type\":\"BreadcrumbList\",\"@id\":\"https:\/\/grupojasf.com.br\/promocoes-e-eventos\/produto\/cadeira-plastica-bistro-brescia\/#breadcrumb\",\"itemListElement\":[{\"@type\":\"ListItem\",\"position\":1,\"name\":\"Home\",\"item\":\"https:\/\/grupojasf.com.br\/promocoes-e-eventos\/\"},{\"@type\":\"ListItem\",\"position\":2,\"name\":\"Loja\",\"item\":\"https:\/\/grupojasf.com.br\/promocoes-e-eventos\/loja\/\"},{\"@type\":\"ListItem\",\"position\":3,\"name\":\"Cadeira Pl\u00e1stica Bistr\u00f4 Brescia\"}]},{\"@type\":\"WebSite\",\"@id\":\"https:\/\/grupojasf.com.br\/promocoes-e-eventos\/#website\",\"url\":\"https:\/\/grupojasf.com.br\/promocoes-e-eventos\/\",\"name\":\"JASF Promo\u00e7\u00f5es e Eventos\",\"description\":\"Grupo Jasf\",\"potentialAction\":[{\"@type\":\"SearchAction\",\"target\":{\"@type\":\"EntryPoint\",\"urlTemplate\":\"https:\/\/grupojasf.com.br\/promocoes-e-eventos\/?s={search_term_string}\"},\"query-input\":\"required name=search_term_string\"}],\"inLanguage\":\"pt-BR\"}]}<\/script>\n<!-- \/ Yoast SEO plugin. -->","yoast_head_json":{"title":"Cadeira Pl\u00e1stica Bistr\u00f4 Brescia - JASF Promo\u00e7\u00f5es e Eventos","robots":{"index":"index","follow":"follow","max-snippet":"max-snippet:-1","max-image-preview":"max-image-preview:large","max-video-preview":"max-video-preview:-1"},"canonical":"https:\/\/grupojasf.com.br\/promocoes-e-eventos\/produto\/cadeira-plastica-bistro-brescia\/","og_locale":"pt_BR","og_type":"article","og_title":"Cadeira Pl\u00e1stica Bistr\u00f4 Brescia - JASF Promo\u00e7\u00f5es e Eventos","og_description":"Cadeira Pl\u00e1stica Bistr\u00f4 Brescia para quem procura qualidade e pre\u00e7o num mesmo produtos.  Dimens\u00f5es Mesa:  Altura do encosto:\u00a086cm Altura do assento:\u00a045cm Largura:\u00a039cm Profundidade:\u00a040cm Capacidade:\u00a0182Kg Material:\u00a0Polipropileno e Aditivos Com Anti-Uv. Detalhes:\u00a0Produto Monobloco, Resistente e Empilh\u00e1vel","og_url":"https:\/\/grupojasf.com.br\/promocoes-e-eventos\/produto\/cadeira-plastica-bistro-brescia\/","og_site_name":"JASF Promo\u00e7\u00f5es e Eventos","article_modified_time":"2021-12-21T22:00:53+00:00","og_image":[{"width":1200,"height":1200,"url":"https:\/\/grupojasf.com.br\/promocoes-e-eventos\/wp-content\/uploads\/2021\/12\/cadeira-plastica-jasf-eventos.jpg","type":"image\/jpeg"}],"twitter_card":"summary_large_image","twitter_misc":{"Est. tempo de leitura":"1 minuto"},"schema":{"@context":"https:\/\/schema.org","@graph":[{"@type":"WebPage","@id":"https:\/\/grupojasf.com.br\/promocoes-e-eventos\/produto\/cadeira-plastica-bistro-brescia\/","url":"https:\/\/grupojasf.com.br\/promocoes-e-eventos\/produto\/cadeira-plastica-bistro-brescia\/","name":"Cadeira Pl\u00e1stica Bistr\u00f4 Brescia - JASF Promo\u00e7\u00f5es e Eventos","isPartOf":{"@id":"https:\/\/grupojasf.com.br\/promocoes-e-eventos\/#website"},"datePublished":"2021-12-03T18:40:01+00:00","dateModified":"2021-12-21T22:00:53+00:00","breadcrumb":{"@id":"https:\/\/grupojasf.com.br\/promocoes-e-eventos\/produto\/cadeira-plastica-bistro-brescia\/#breadcrumb"},"inLanguage":"pt-BR","potentialAction":[{"@type":"ReadAction","target":["https:\/\/grupojasf.com.br\/promocoes-e-eventos\/produto\/cadeira-plastica-bistro-brescia\/"]}]},{"@type":"BreadcrumbList","@id":"https:\/\/grupojasf.com.br\/promocoes-e-eventos\/produto\/cadeira-plastica-bistro-brescia\/#breadcrumb","itemListElement":[{"@type":"ListItem","position":1,"name":"Home","item":"https:\/\/grupojasf.com.br\/promocoes-e-eventos\/"},{"@type":"ListItem","position":2,"name":"Loja","item":"https:\/\/grupojasf.com.br\/promocoes-e-eventos\/loja\/"},{"@type":"ListItem","position":3,"name":"Cadeira Pl\u00e1stica Bistr\u00f4 Brescia"}]},{"@type":"WebSite","@id":"https:\/\/grupojasf.com.br\/promocoes-e-eventos\/#website","url":"https:\/\/grupojasf.com.br\/promocoes-e-eventos\/","name":"JASF Promo\u00e7\u00f5es e Eventos","description":"Grupo Jasf","potentialAction":[{"@type":"SearchAction","target":{"@type":"EntryPoint","urlTemplate":"https:\/\/grupojasf.com.br\/promocoes-e-eventos\/?s={search_term_string}"},"query-input":"required name=search_term_string"}],"inLanguage":"pt-BR"}]}},"_links":{"self":[{"href":"https:\/\/grupojasf.com.br\/promocoes-e-eventos\/wp-json\/wp\/v2\/product\/3537"}],"collection":[{"href":"https:\/\/grupojasf.com.br\/promocoes-e-eventos\/wp-json\/wp\/v2\/product"}],"about":[{"href":"https:\/\/grupojasf.com.br\/promocoes-e-eventos\/wp-json\/wp\/v2\/types\/product"}],"replies":[{"embeddable":true,"href":"https:\/\/grupojasf.com.br\/promocoes-e-eventos\/wp-json\/wp\/v2\/comments?post=3537"}],"wp:featuredmedia":[{"embeddable":true,"href":"https:\/\/grupojasf.com.br\/promocoes-e-eventos\/wp-json\/wp\/v2\/media\/3536"}],"wp:attachment":[{"href":"https:\/\/grupojasf.com.br\/promocoes-e-eventos\/wp-json\/wp\/v2\/media?parent=3537"}],"wp:term":[{"taxonomy":"product_cat","embeddable":true,"href":"https:\/\/grupojasf.com.br\/promocoes-e-eventos\/wp-json\/wp\/v2\/product_cat?post=3537"},{"taxonomy":"product_tag","embeddable":true,"href":"https:\/\/grupojasf.com.br\/promocoes-e-eventos\/wp-json\/wp\/v2\/product_tag?post=3537"}],"curies":[{"name":"wp","href":"https:\/\/api.w.org\/{rel}","templated":true}]}}