{"id":3553,"date":"2021-12-03T15:40:28","date_gmt":"2021-12-03T18:40:28","guid":{"rendered":"https:\/\/grupojasf.com.br\/promocoes-e-eventos\/novo\/produto\/aparador-rancho-cravo\/"},"modified":"2021-12-21T19:00:20","modified_gmt":"2021-12-21T22:00:20","slug":"aparador-rancho-cravo","status":"publish","type":"product","link":"https:\/\/grupojasf.com.br\/promocoes-e-eventos\/produto\/aparador-rancho-cravo\/","title":{"rendered":"Aparador Rancho Cravo"},"content":{"rendered":"<p>O aparador Rancho segue a tend\u00eancia de m\u00f3veis r\u00fasticos, que j\u00e1 se firmou como um estilo de decora\u00e7\u00e3o cheio de personalidade. Feito em madeira maci\u00e7a pinus taeda, o objeto possui forte presen\u00e7a e eleg\u00e2ncia, e \u00e9 perfeito para o hall de entrada da sua casa, por exemplo. Invista em uma decora\u00e7\u00e3o inteira nesta linha ou mescle com outros estilos para um ambiente mais charmoso e aconchegante.<\/p>\n<div id=\"secao-descricao\">\n<table class=\"table table-striped\" style=\"height: 501px;\" width=\"1233\">\n<tbody id=\"tableDescription\" class=\"collapse in\">\n<tr>\n<td>Estrutura<\/td>\n<td>Madeira Maci\u00e7a Pinus Taeda<\/td>\n<\/tr>\n<tr>\n<td>Acabamento<\/td>\n<td>Verniz<\/td>\n<\/tr>\n<tr>\n<td>Escala de Brilho<\/td>\n<td>Semi Brilho<\/td>\n<\/tr>\n<tr>\n<td>Material Principal<\/td>\n<td>Madeira Maci\u00e7a Pinus<\/td>\n<\/tr>\n<tr>\n<td>Materiais Gerais<\/td>\n<td>Madeira Maci\u00e7a Pinus<\/td>\n<\/tr>\n<tr>\n<td>Quantidade de P\u00e9<\/td>\n<td>2<\/td>\n<\/tr>\n<tr>\n<td>Material do P\u00e9<\/td>\n<td>Madeira Maci\u00e7a Pinus<\/td>\n<\/tr>\n<tr>\n<td>Formato do P\u00e9<\/td>\n<td>Chapa<\/td>\n<\/tr>\n<tr>\n<td>Ferragens \/ Sistemas<\/td>\n<td>Parafuso \/ Minifix \/ Cavilha<\/td>\n<\/tr>\n<tr>\n<td>Sistema de Montagem<\/td>\n<td>Aparafusado<\/td>\n<\/tr>\n<tr>\n<td>N\u00edvel de Montagem<\/td>\n<td>F\u00e1cil<\/td>\n<\/tr>\n<tr>\n<td>Peso M\u00e1ximo Suportado<\/td>\n<td>50Kg<\/td>\n<\/tr>\n<tr>\n<td>Peso<\/td>\n<td>31,5<\/td>\n<\/tr>\n<tr>\n<td>Cor do Produto<\/td>\n<td>Cravo<\/td>\n<\/tr>\n<tr>\n<td>Dimens\u00e3o<\/td>\n<td>75,5 cm x 160 cm x 35,5 cm<\/td>\n<\/tr>\n<tr>\n<td><\/td>\n<td><\/td>\n<\/tr>\n<\/tbody>\n<\/table>\n<ul>\n<li><\/li>\n<\/ul>\n<p>[\/fusion_checklist]<\/p>\n<\/div>\n","protected":false},"excerpt":{"rendered":"[fusion_checklist icon=\"ok\" iconcolor=\"#aaaaaa\" circle=\"no\"]<\/p>\n<p>O aparador Rancho segue a tend\u00eancia de m\u00f3veis r\u00fasticos, que j\u00e1 se firmou como um estilo de decora\u00e7\u00e3o cheio de personalidade. Feito em madeira maci\u00e7a pinus taeda, o objeto possui forte presen\u00e7a e eleg\u00e2ncia, e \u00e9 perfeito para o hall de entrada da sua casa, por exemplo. Invista em uma decora\u00e7\u00e3o inteira nesta linha ou mescle com outros estilos para um ambiente mais charmoso e aconchegante.<\/p>\n<p>&nbsp;<\/p>\n<p>[\/fusion_checklist]\n","protected":false},"featured_media":3552,"comment_status":"closed","ping_status":"closed","template":"","meta":{"_bbp_topic_count":0,"_bbp_reply_count":0,"_bbp_total_topic_count":0,"_bbp_total_reply_count":0,"_bbp_voice_count":0,"_bbp_anonymous_reply_count":0,"_bbp_topic_count_hidden":0,"_bbp_reply_count_hidden":0,"_bbp_forum_subforum_count":0,"content-type":"","om_disable_all_campaigns":false,"_mi_skip_tracking":false,"_monsterinsights_sitenote_active":false,"_monsterinsights_sitenote_note":"","_monsterinsights_sitenote_category":0},"product_cat":[208,161],"product_tag":[100],"class_list":{"0":"post-3553","1":"product","2":"type-product","3":"status-publish","4":"has-post-thumbnail","6":"product_cat-aluguel-de-aparadores-e-cubos","7":"product_cat-mobiliario","8":"product_tag-acessorios","10":"first","11":"instock","12":"shipping-taxable","13":"purchasable","14":"product-type-simple"},"acf":[],"aioseo_notices":[],"yoast_head":"<!-- This site is optimized with the Yoast SEO plugin v21.9 - https:\/\/yoast.com\/wordpress\/plugins\/seo\/ -->\n<title>Aparador Rancho Cravo - JASF Promo\u00e7\u00f5es e Eventos<\/title>\n<meta name=\"robots\" content=\"index, follow, max-snippet:-1, max-image-preview:large, max-video-preview:-1\" \/>\n<link rel=\"canonical\" href=\"https:\/\/grupojasf.com.br\/promocoes-e-eventos\/produto\/aparador-rancho-cravo\/\" \/>\n<meta property=\"og:locale\" content=\"pt_BR\" \/>\n<meta property=\"og:type\" content=\"article\" \/>\n<meta property=\"og:title\" content=\"Aparador Rancho Cravo - JASF Promo\u00e7\u00f5es e Eventos\" \/>\n<meta property=\"og:url\" content=\"https:\/\/grupojasf.com.br\/promocoes-e-eventos\/produto\/aparador-rancho-cravo\/\" \/>\n<meta property=\"og:site_name\" content=\"JASF Promo\u00e7\u00f5es e Eventos\" \/>\n<meta property=\"article:modified_time\" content=\"2021-12-21T22:00:20+00:00\" \/>\n<meta property=\"og:image\" content=\"https:\/\/grupojasf.com.br\/promocoes-e-eventos\/wp-content\/uploads\/2021\/12\/52967.jpg\" \/>\n\t<meta property=\"og:image:width\" content=\"1080\" \/>\n\t<meta property=\"og:image:height\" content=\"1440\" \/>\n\t<meta property=\"og:image:type\" content=\"image\/jpeg\" \/>\n<meta name=\"twitter:card\" content=\"summary_large_image\" \/>\n<meta name=\"twitter:description\" content=\"[fusion_checklist icon=&quot;ok&quot; iconcolor=&quot;#aaaaaa&quot; circle=&quot;no&quot;]  O aparador Rancho segue a tend\u00eancia de m\u00f3veis r\u00fasticos, que j\u00e1 se firmou como um estilo de decora\u00e7\u00e3o cheio de personalidade. Feito em madeira maci\u00e7a pinus taeda, o objeto possui forte presen\u00e7a e eleg\u00e2ncia, e \u00e9 perfeito para o hall de entrada da sua casa, por exemplo. Invista em uma decora\u00e7\u00e3o inteira nesta linha ou mescle com outros estilos para um ambiente mais charmoso e aconchegante.  &nbsp;  [\/fusion_checklist]\" \/>\n<meta name=\"twitter:label1\" content=\"Est. tempo de leitura\" \/>\n\t<meta name=\"twitter:data1\" content=\"1 minuto\" \/>\n<script type=\"application\/ld+json\" class=\"yoast-schema-graph\">{\"@context\":\"https:\/\/schema.org\",\"@graph\":[{\"@type\":\"WebPage\",\"@id\":\"https:\/\/grupojasf.com.br\/promocoes-e-eventos\/produto\/aparador-rancho-cravo\/\",\"url\":\"https:\/\/grupojasf.com.br\/promocoes-e-eventos\/produto\/aparador-rancho-cravo\/\",\"name\":\"Aparador Rancho Cravo - JASF Promo\u00e7\u00f5es e Eventos\",\"isPartOf\":{\"@id\":\"https:\/\/grupojasf.com.br\/promocoes-e-eventos\/#website\"},\"datePublished\":\"2021-12-03T18:40:28+00:00\",\"dateModified\":\"2021-12-21T22:00:20+00:00\",\"breadcrumb\":{\"@id\":\"https:\/\/grupojasf.com.br\/promocoes-e-eventos\/produto\/aparador-rancho-cravo\/#breadcrumb\"},\"inLanguage\":\"pt-BR\",\"potentialAction\":[{\"@type\":\"ReadAction\",\"target\":[\"https:\/\/grupojasf.com.br\/promocoes-e-eventos\/produto\/aparador-rancho-cravo\/\"]}]},{\"@type\":\"BreadcrumbList\",\"@id\":\"https:\/\/grupojasf.com.br\/promocoes-e-eventos\/produto\/aparador-rancho-cravo\/#breadcrumb\",\"itemListElement\":[{\"@type\":\"ListItem\",\"position\":1,\"name\":\"Home\",\"item\":\"https:\/\/grupojasf.com.br\/promocoes-e-eventos\/\"},{\"@type\":\"ListItem\",\"position\":2,\"name\":\"Loja\",\"item\":\"https:\/\/grupojasf.com.br\/promocoes-e-eventos\/loja\/\"},{\"@type\":\"ListItem\",\"position\":3,\"name\":\"Aparador Rancho Cravo\"}]},{\"@type\":\"WebSite\",\"@id\":\"https:\/\/grupojasf.com.br\/promocoes-e-eventos\/#website\",\"url\":\"https:\/\/grupojasf.com.br\/promocoes-e-eventos\/\",\"name\":\"JASF Promo\u00e7\u00f5es e Eventos\",\"description\":\"Grupo Jasf\",\"potentialAction\":[{\"@type\":\"SearchAction\",\"target\":{\"@type\":\"EntryPoint\",\"urlTemplate\":\"https:\/\/grupojasf.com.br\/promocoes-e-eventos\/?s={search_term_string}\"},\"query-input\":\"required name=search_term_string\"}],\"inLanguage\":\"pt-BR\"}]}<\/script>\n<!-- \/ Yoast SEO plugin. -->","yoast_head_json":{"title":"Aparador Rancho Cravo - JASF Promo\u00e7\u00f5es e Eventos","robots":{"index":"index","follow":"follow","max-snippet":"max-snippet:-1","max-image-preview":"max-image-preview:large","max-video-preview":"max-video-preview:-1"},"canonical":"https:\/\/grupojasf.com.br\/promocoes-e-eventos\/produto\/aparador-rancho-cravo\/","og_locale":"pt_BR","og_type":"article","og_title":"Aparador Rancho Cravo - JASF Promo\u00e7\u00f5es e Eventos","og_url":"https:\/\/grupojasf.com.br\/promocoes-e-eventos\/produto\/aparador-rancho-cravo\/","og_site_name":"JASF Promo\u00e7\u00f5es e Eventos","article_modified_time":"2021-12-21T22:00:20+00:00","og_image":[{"width":1080,"height":1440,"url":"https:\/\/grupojasf.com.br\/promocoes-e-eventos\/wp-content\/uploads\/2021\/12\/52967.jpg","type":"image\/jpeg"}],"twitter_card":"summary_large_image","twitter_description":"[fusion_checklist icon=\"ok\" iconcolor=\"#aaaaaa\" circle=\"no\"]  O aparador Rancho segue a tend\u00eancia de m\u00f3veis r\u00fasticos, que j\u00e1 se firmou como um estilo de decora\u00e7\u00e3o cheio de personalidade. Feito em madeira maci\u00e7a pinus taeda, o objeto possui forte presen\u00e7a e eleg\u00e2ncia, e \u00e9 perfeito para o hall de entrada da sua casa, por exemplo. Invista em uma decora\u00e7\u00e3o inteira nesta linha ou mescle com outros estilos para um ambiente mais charmoso e aconchegante.  &nbsp;  [\/fusion_checklist]","twitter_misc":{"Est. tempo de leitura":"1 minuto"},"schema":{"@context":"https:\/\/schema.org","@graph":[{"@type":"WebPage","@id":"https:\/\/grupojasf.com.br\/promocoes-e-eventos\/produto\/aparador-rancho-cravo\/","url":"https:\/\/grupojasf.com.br\/promocoes-e-eventos\/produto\/aparador-rancho-cravo\/","name":"Aparador Rancho Cravo - JASF Promo\u00e7\u00f5es e Eventos","isPartOf":{"@id":"https:\/\/grupojasf.com.br\/promocoes-e-eventos\/#website"},"datePublished":"2021-12-03T18:40:28+00:00","dateModified":"2021-12-21T22:00:20+00:00","breadcrumb":{"@id":"https:\/\/grupojasf.com.br\/promocoes-e-eventos\/produto\/aparador-rancho-cravo\/#breadcrumb"},"inLanguage":"pt-BR","potentialAction":[{"@type":"ReadAction","target":["https:\/\/grupojasf.com.br\/promocoes-e-eventos\/produto\/aparador-rancho-cravo\/"]}]},{"@type":"BreadcrumbList","@id":"https:\/\/grupojasf.com.br\/promocoes-e-eventos\/produto\/aparador-rancho-cravo\/#breadcrumb","itemListElement":[{"@type":"ListItem","position":1,"name":"Home","item":"https:\/\/grupojasf.com.br\/promocoes-e-eventos\/"},{"@type":"ListItem","position":2,"name":"Loja","item":"https:\/\/grupojasf.com.br\/promocoes-e-eventos\/loja\/"},{"@type":"ListItem","position":3,"name":"Aparador Rancho Cravo"}]},{"@type":"WebSite","@id":"https:\/\/grupojasf.com.br\/promocoes-e-eventos\/#website","url":"https:\/\/grupojasf.com.br\/promocoes-e-eventos\/","name":"JASF Promo\u00e7\u00f5es e Eventos","description":"Grupo Jasf","potentialAction":[{"@type":"SearchAction","target":{"@type":"EntryPoint","urlTemplate":"https:\/\/grupojasf.com.br\/promocoes-e-eventos\/?s={search_term_string}"},"query-input":"required name=search_term_string"}],"inLanguage":"pt-BR"}]}},"_links":{"self":[{"href":"https:\/\/grupojasf.com.br\/promocoes-e-eventos\/wp-json\/wp\/v2\/product\/3553"}],"collection":[{"href":"https:\/\/grupojasf.com.br\/promocoes-e-eventos\/wp-json\/wp\/v2\/product"}],"about":[{"href":"https:\/\/grupojasf.com.br\/promocoes-e-eventos\/wp-json\/wp\/v2\/types\/product"}],"replies":[{"embeddable":true,"href":"https:\/\/grupojasf.com.br\/promocoes-e-eventos\/wp-json\/wp\/v2\/comments?post=3553"}],"wp:featuredmedia":[{"embeddable":true,"href":"https:\/\/grupojasf.com.br\/promocoes-e-eventos\/wp-json\/wp\/v2\/media\/3552"}],"wp:attachment":[{"href":"https:\/\/grupojasf.com.br\/promocoes-e-eventos\/wp-json\/wp\/v2\/media?parent=3553"}],"wp:term":[{"taxonomy":"product_cat","embeddable":true,"href":"https:\/\/grupojasf.com.br\/promocoes-e-eventos\/wp-json\/wp\/v2\/product_cat?post=3553"},{"taxonomy":"product_tag","embeddable":true,"href":"https:\/\/grupojasf.com.br\/promocoes-e-eventos\/wp-json\/wp\/v2\/product_tag?post=3553"}],"curies":[{"name":"wp","href":"https:\/\/api.w.org\/{rel}","templated":true}]}}