{"id":3571,"date":"2021-12-03T15:41:01","date_gmt":"2021-12-03T18:41:01","guid":{"rendered":"https:\/\/grupojasf.com.br\/promocoes-e-eventos\/novo\/produto\/mesa-lateral-preta\/"},"modified":"2021-12-21T18:53:05","modified_gmt":"2021-12-21T21:53:05","slug":"mesa-lateral-preta","status":"publish","type":"product","link":"https:\/\/grupojasf.com.br\/promocoes-e-eventos\/produto\/mesa-lateral-preta\/","title":{"rendered":"Mesa Lateral Preta"},"content":{"rendered":"<p><strong>\u00a0<\/strong><\/p>\n<ul style=\"--awb-iconcolor:#aaaaaa;--awb-line-height:28.9px;--awb-icon-width:28.9px;--awb-icon-height:28.9px;--awb-icon-margin:11.9px;--awb-content-margin:40.8px;\" class=\"fusion-checklist fusion-checklist-1 fusion-checklist-default type-icons\"><\/p>\n<div id=\"secao-descricao\">\n<p>Uma decora\u00e7\u00e3o feita com bom gosto e aten\u00e7\u00e3o especial somada a m\u00f3veis com estrutura sofisticada pode transformar seus c\u00f4modos em quest\u00e3o de minutos. A Mesa Lateral Volpi, por exemplo, tem design supercharmoso e linhas elegantes que potencializam o\u00a0<span class=\"morecontent\">lar-style, al\u00e9m de ter as cores ideais para dar vida ao seu ambiente. Perfeita para ficar ao lado do sof\u00e1 da sala de estar, daquela poltrona no escrit\u00f3rio ou ainda pertinho da sua cama como criado-mudo, ele pode apoiar aquele vasinho de flores, o seu livro ou uma bandeja com aquele caf\u00e9 gostoso para a visita. As formas de usar s\u00e3o muitas e ficam por conta da sua criatividade<\/span>.<\/p>\n<p><\/ul>\n<\/div>\n","protected":false},"excerpt":{"rendered":"[fusion_checklist icon=\"ok\" iconcolor=\"#aaaaaa\" circle=\"no\"]<\/p>\n<p>Uma decora\u00e7\u00e3o feita com bom gosto e aten\u00e7\u00e3o especial somada a m\u00f3veis com estrutura sofisticada pode transformar seus c\u00f4modos em quest\u00e3o de minutos. A Mesa Lateral Volpi, por exemplo, tem design supercharmoso e linhas elegantes que potencializam o\u00a0<span class=\"morecontent\">lar-style, al\u00e9m de ter as cores ideais para dar vida ao seu ambiente. Perfeita para ficar ao lado do sof\u00e1 da sala de estar, daquela poltrona no escrit\u00f3rio ou ainda pertinho da sua cama como criado-mudo, ele pode apoiar aquele vasinho de flores, o seu livro ou uma bandeja com aquele caf\u00e9 gostoso para a visita. As formas de usar s\u00e3o muitas e ficam por conta da sua criatividade<\/span>.<\/p>\n<p>[\/fusion_checklist]\n","protected":false},"featured_media":3570,"comment_status":"closed","ping_status":"closed","template":"","meta":{"_bbp_topic_count":0,"_bbp_reply_count":0,"_bbp_total_topic_count":0,"_bbp_total_reply_count":0,"_bbp_voice_count":0,"_bbp_anonymous_reply_count":0,"_bbp_topic_count_hidden":0,"_bbp_reply_count_hidden":0,"_bbp_forum_subforum_count":0,"content-type":"","om_disable_all_campaigns":false,"_mi_skip_tracking":false,"_monsterinsights_sitenote_active":false,"_monsterinsights_sitenote_note":"","_monsterinsights_sitenote_category":0},"product_cat":[214,216,161],"product_tag":[160,162],"class_list":{"0":"post-3571","1":"product","2":"type-product","3":"status-publish","4":"has-post-thumbnail","6":"product_cat-aluguel-de-mesas","7":"product_cat-aluguel-de-mesas-laterais-e-de-entrada","8":"product_cat-mobiliario","9":"product_tag-mesa","10":"product_tag-mobiliario","12":"first","13":"instock","14":"shipping-taxable","15":"purchasable","16":"product-type-simple"},"acf":[],"aioseo_notices":[],"yoast_head":"<!-- This site is optimized with the Yoast SEO plugin v21.9 - https:\/\/yoast.com\/wordpress\/plugins\/seo\/ -->\n<title>Mesa Lateral Preta - JASF Promo\u00e7\u00f5es e Eventos<\/title>\n<meta name=\"robots\" content=\"index, follow, max-snippet:-1, max-image-preview:large, max-video-preview:-1\" \/>\n<link rel=\"canonical\" href=\"https:\/\/grupojasf.com.br\/promocoes-e-eventos\/produto\/mesa-lateral-preta\/\" \/>\n<meta property=\"og:locale\" content=\"pt_BR\" \/>\n<meta property=\"og:type\" content=\"article\" \/>\n<meta property=\"og:title\" content=\"Mesa Lateral Preta - JASF Promo\u00e7\u00f5es e Eventos\" \/>\n<meta property=\"og:url\" content=\"https:\/\/grupojasf.com.br\/promocoes-e-eventos\/produto\/mesa-lateral-preta\/\" \/>\n<meta property=\"og:site_name\" content=\"JASF Promo\u00e7\u00f5es e Eventos\" \/>\n<meta property=\"article:modified_time\" content=\"2021-12-21T21:53:05+00:00\" \/>\n<meta property=\"og:image\" content=\"https:\/\/grupojasf.com.br\/promocoes-e-eventos\/wp-content\/uploads\/2021\/12\/52970.jpg\" \/>\n\t<meta property=\"og:image:width\" content=\"1080\" \/>\n\t<meta property=\"og:image:height\" content=\"1440\" \/>\n\t<meta property=\"og:image:type\" content=\"image\/jpeg\" \/>\n<meta name=\"twitter:card\" content=\"summary_large_image\" \/>\n<meta name=\"twitter:description\" content=\"[fusion_checklist icon=&quot;ok&quot; iconcolor=&quot;#aaaaaa&quot; circle=&quot;no&quot;]  Uma decora\u00e7\u00e3o feita com bom gosto e aten\u00e7\u00e3o especial somada a m\u00f3veis com estrutura sofisticada pode transformar seus c\u00f4modos em quest\u00e3o de minutos. A Mesa Lateral Volpi, por exemplo, tem design supercharmoso e linhas elegantes que potencializam o\u00a0lar-style, al\u00e9m de ter as cores ideais para dar vida ao seu ambiente. Perfeita para ficar ao lado do sof\u00e1 da sala de estar, daquela poltrona no escrit\u00f3rio ou ainda pertinho da sua cama como criado-mudo, ele pode apoiar aquele vasinho de flores, o seu livro ou uma bandeja com aquele caf\u00e9 gostoso para a visita. As formas de usar s\u00e3o muitas e ficam por conta da sua criatividade.  [\/fusion_checklist]\" \/>\n<meta name=\"twitter:label1\" content=\"Est. tempo de leitura\" \/>\n\t<meta name=\"twitter:data1\" content=\"1 minuto\" \/>\n<script type=\"application\/ld+json\" class=\"yoast-schema-graph\">{\"@context\":\"https:\/\/schema.org\",\"@graph\":[{\"@type\":\"WebPage\",\"@id\":\"https:\/\/grupojasf.com.br\/promocoes-e-eventos\/produto\/mesa-lateral-preta\/\",\"url\":\"https:\/\/grupojasf.com.br\/promocoes-e-eventos\/produto\/mesa-lateral-preta\/\",\"name\":\"Mesa Lateral Preta - JASF Promo\u00e7\u00f5es e Eventos\",\"isPartOf\":{\"@id\":\"https:\/\/grupojasf.com.br\/promocoes-e-eventos\/#website\"},\"datePublished\":\"2021-12-03T18:41:01+00:00\",\"dateModified\":\"2021-12-21T21:53:05+00:00\",\"breadcrumb\":{\"@id\":\"https:\/\/grupojasf.com.br\/promocoes-e-eventos\/produto\/mesa-lateral-preta\/#breadcrumb\"},\"inLanguage\":\"pt-BR\",\"potentialAction\":[{\"@type\":\"ReadAction\",\"target\":[\"https:\/\/grupojasf.com.br\/promocoes-e-eventos\/produto\/mesa-lateral-preta\/\"]}]},{\"@type\":\"BreadcrumbList\",\"@id\":\"https:\/\/grupojasf.com.br\/promocoes-e-eventos\/produto\/mesa-lateral-preta\/#breadcrumb\",\"itemListElement\":[{\"@type\":\"ListItem\",\"position\":1,\"name\":\"Home\",\"item\":\"https:\/\/grupojasf.com.br\/promocoes-e-eventos\/\"},{\"@type\":\"ListItem\",\"position\":2,\"name\":\"Loja\",\"item\":\"https:\/\/grupojasf.com.br\/promocoes-e-eventos\/loja\/\"},{\"@type\":\"ListItem\",\"position\":3,\"name\":\"Mesa Lateral Preta\"}]},{\"@type\":\"WebSite\",\"@id\":\"https:\/\/grupojasf.com.br\/promocoes-e-eventos\/#website\",\"url\":\"https:\/\/grupojasf.com.br\/promocoes-e-eventos\/\",\"name\":\"JASF Promo\u00e7\u00f5es e Eventos\",\"description\":\"Grupo Jasf\",\"potentialAction\":[{\"@type\":\"SearchAction\",\"target\":{\"@type\":\"EntryPoint\",\"urlTemplate\":\"https:\/\/grupojasf.com.br\/promocoes-e-eventos\/?s={search_term_string}\"},\"query-input\":\"required name=search_term_string\"}],\"inLanguage\":\"pt-BR\"}]}<\/script>\n<!-- \/ Yoast SEO plugin. -->","yoast_head_json":{"title":"Mesa Lateral Preta - JASF Promo\u00e7\u00f5es e Eventos","robots":{"index":"index","follow":"follow","max-snippet":"max-snippet:-1","max-image-preview":"max-image-preview:large","max-video-preview":"max-video-preview:-1"},"canonical":"https:\/\/grupojasf.com.br\/promocoes-e-eventos\/produto\/mesa-lateral-preta\/","og_locale":"pt_BR","og_type":"article","og_title":"Mesa Lateral Preta - JASF Promo\u00e7\u00f5es e Eventos","og_url":"https:\/\/grupojasf.com.br\/promocoes-e-eventos\/produto\/mesa-lateral-preta\/","og_site_name":"JASF Promo\u00e7\u00f5es e Eventos","article_modified_time":"2021-12-21T21:53:05+00:00","og_image":[{"width":1080,"height":1440,"url":"https:\/\/grupojasf.com.br\/promocoes-e-eventos\/wp-content\/uploads\/2021\/12\/52970.jpg","type":"image\/jpeg"}],"twitter_card":"summary_large_image","twitter_description":"[fusion_checklist icon=\"ok\" iconcolor=\"#aaaaaa\" circle=\"no\"]  Uma decora\u00e7\u00e3o feita com bom gosto e aten\u00e7\u00e3o especial somada a m\u00f3veis com estrutura sofisticada pode transformar seus c\u00f4modos em quest\u00e3o de minutos. A Mesa Lateral Volpi, por exemplo, tem design supercharmoso e linhas elegantes que potencializam o\u00a0lar-style, al\u00e9m de ter as cores ideais para dar vida ao seu ambiente. Perfeita para ficar ao lado do sof\u00e1 da sala de estar, daquela poltrona no escrit\u00f3rio ou ainda pertinho da sua cama como criado-mudo, ele pode apoiar aquele vasinho de flores, o seu livro ou uma bandeja com aquele caf\u00e9 gostoso para a visita. As formas de usar s\u00e3o muitas e ficam por conta da sua criatividade.  [\/fusion_checklist]","twitter_misc":{"Est. tempo de leitura":"1 minuto"},"schema":{"@context":"https:\/\/schema.org","@graph":[{"@type":"WebPage","@id":"https:\/\/grupojasf.com.br\/promocoes-e-eventos\/produto\/mesa-lateral-preta\/","url":"https:\/\/grupojasf.com.br\/promocoes-e-eventos\/produto\/mesa-lateral-preta\/","name":"Mesa Lateral Preta - JASF Promo\u00e7\u00f5es e Eventos","isPartOf":{"@id":"https:\/\/grupojasf.com.br\/promocoes-e-eventos\/#website"},"datePublished":"2021-12-03T18:41:01+00:00","dateModified":"2021-12-21T21:53:05+00:00","breadcrumb":{"@id":"https:\/\/grupojasf.com.br\/promocoes-e-eventos\/produto\/mesa-lateral-preta\/#breadcrumb"},"inLanguage":"pt-BR","potentialAction":[{"@type":"ReadAction","target":["https:\/\/grupojasf.com.br\/promocoes-e-eventos\/produto\/mesa-lateral-preta\/"]}]},{"@type":"BreadcrumbList","@id":"https:\/\/grupojasf.com.br\/promocoes-e-eventos\/produto\/mesa-lateral-preta\/#breadcrumb","itemListElement":[{"@type":"ListItem","position":1,"name":"Home","item":"https:\/\/grupojasf.com.br\/promocoes-e-eventos\/"},{"@type":"ListItem","position":2,"name":"Loja","item":"https:\/\/grupojasf.com.br\/promocoes-e-eventos\/loja\/"},{"@type":"ListItem","position":3,"name":"Mesa Lateral Preta"}]},{"@type":"WebSite","@id":"https:\/\/grupojasf.com.br\/promocoes-e-eventos\/#website","url":"https:\/\/grupojasf.com.br\/promocoes-e-eventos\/","name":"JASF Promo\u00e7\u00f5es e Eventos","description":"Grupo Jasf","potentialAction":[{"@type":"SearchAction","target":{"@type":"EntryPoint","urlTemplate":"https:\/\/grupojasf.com.br\/promocoes-e-eventos\/?s={search_term_string}"},"query-input":"required name=search_term_string"}],"inLanguage":"pt-BR"}]}},"_links":{"self":[{"href":"https:\/\/grupojasf.com.br\/promocoes-e-eventos\/wp-json\/wp\/v2\/product\/3571"}],"collection":[{"href":"https:\/\/grupojasf.com.br\/promocoes-e-eventos\/wp-json\/wp\/v2\/product"}],"about":[{"href":"https:\/\/grupojasf.com.br\/promocoes-e-eventos\/wp-json\/wp\/v2\/types\/product"}],"replies":[{"embeddable":true,"href":"https:\/\/grupojasf.com.br\/promocoes-e-eventos\/wp-json\/wp\/v2\/comments?post=3571"}],"wp:featuredmedia":[{"embeddable":true,"href":"https:\/\/grupojasf.com.br\/promocoes-e-eventos\/wp-json\/wp\/v2\/media\/3570"}],"wp:attachment":[{"href":"https:\/\/grupojasf.com.br\/promocoes-e-eventos\/wp-json\/wp\/v2\/media?parent=3571"}],"wp:term":[{"taxonomy":"product_cat","embeddable":true,"href":"https:\/\/grupojasf.com.br\/promocoes-e-eventos\/wp-json\/wp\/v2\/product_cat?post=3571"},{"taxonomy":"product_tag","embeddable":true,"href":"https:\/\/grupojasf.com.br\/promocoes-e-eventos\/wp-json\/wp\/v2\/product_tag?post=3571"}],"curies":[{"name":"wp","href":"https:\/\/api.w.org\/{rel}","templated":true}]}}